 the prime factors of 6033.
3, 2011
List the prime factors of 27995.
5, 11, 509
List the prime factors of 5507.
5507
What are the prime factors of 12048?
2, 3, 251
List the prime factors of 3004.
2, 751
List the prime factors of 37450.
2, 5, 7, 107
List the prime factors of 115674.
2, 3, 13, 1483
List the prime factors of 109.
109
What are the prime factors of 14810?
2, 5, 1481
What are the prime factors of 23783?
17, 1399
What are the prime factors of 5429?
61, 89
What are the prime factors of 8427?
3, 53
List the prime factors of 3426.
2, 3, 571
What are the prime factors of 169?
13
List the prime factors of 4313.
19, 227
What are the prime factors of 34214?
2, 17107
List the prime factors of 1382.
2, 691
What are the prime factors of 55633?
55633
List the prime factors of 26815.
5, 31, 173
List the prime factors of 1695.
3, 5, 113
What are the prime factors of 148121?
17, 8713
List the prime factors of 94270.
2, 5, 11, 857
What are the prime factors of 4235?
5, 7, 11
List the prime factors of 33344.
2, 521
List the prime factors of 23300.
2, 5, 233
List the prime factors of 1574.
2, 787
List the prime factors of 648.
2, 3
List the prime factors of 15777.
3, 1753
List the prime factors of 107460.
2, 3, 5, 199
List the prime factors of 845.
5, 13
What are the prime factors of 92785?
5, 7, 11, 241
What are the prime factors of 32750?
2, 5, 131
What are the prime factors of 7354?
2, 3677
What are the prime factors of 1462?
2, 17, 43
List the prime factors of 3183.
3, 1061
What are the prime factors of 1930?
2, 5, 193
What are the prime factors of 24377?
19, 1283
What are the prime factors of 206?
2, 103
What are the prime factors of 168?
2, 3, 7
What are the prime factors of 23288?
2, 41, 71
List the prime factors of 18740.
2, 5, 937
List the prime factors of 74864.
2, 4679
List the prime factors of 1923.
3, 641
What are the prime factors of 3169?
3169
What are the prime factors of 2910?
2, 3, 5, 97
List the prime factors of 19285.
5, 7, 19, 29
List the prime factors of 1040.
2, 5, 13
What are the prime factors of 2873?
13, 17
List the prime factors of 469.
7, 67
What are the prime factors of 30?
2, 3, 5
List the prime factors of 48199.
157, 307
List the prime factors of 25028.
2, 6257
List the prime factors of 8996.
2, 13, 173
List the prime factors of 89110.
2, 5, 7, 19, 67
List the prime factors of 11240.
2, 5, 281
What are the prime factors of 7291?
23, 317
List the prime factors of 38556.
2, 3, 7, 17
What are the prime factors of 25587?
3, 2843
List the prime factors of 3885.
3, 5, 7, 37
List the prime factors of 122701.
122701
List the prime factors of 8765.
5, 1753
What are the prime factors of 11998?
2, 7, 857
List the prime factors of 87722.
2, 23, 1907
List the prime factors of 25538.
2, 113
What are the prime factors of 262?
2, 131
List the prime factors of 52.
2, 13
List the prime factors of 2198.
2, 7, 157
List the prime factors of 35875.
5, 7, 41
List the prime factors of 2055.
3, 5, 137
What are the prime factors of 5969?
47, 127
What are the prime factors of 1140?
2, 3, 5, 19
List the prime factors of 22373.
13, 1721
What are the prime factors of 2125?
5, 17
What are the prime factors of 2851?
2851
List the prime factors of 14438.
2, 7219
What are the prime factors of 109616?
2, 13, 17, 31
What are the prime factors of 4315?
5, 863
What are the prime factors of 809?
809
What are the prime factors of 425?
5, 17
What are the prime factors of 116252?
2, 29063
What are the prime factors of 1200?
2, 3, 5
What are the prime factors of 17446?
2, 11, 13, 61
What are the prime factors of 3208?
2, 401
List the prime factors of 5465.
5, 1093
What are the prime factors of 44415?
3, 5, 7, 47
What are the prime factors of 14554?
2, 19, 383
What are the prime factors of 7313?
71, 103
What are the prime factors of 48566?
2, 7, 3469
List the prime factors of 26607.
3, 7, 181
What are the prime factors of 1012?
2, 11, 23
List the prime factors of 10712.
2, 13, 103
List the prime factors of 13505.
5, 37, 73
List the prime factors of 1639.
11, 149
List the prime factors of 12646.
2, 6323
List the prime factors of 10395.
3, 5, 7, 11
List the prime factors of 1569.
3, 523
What are the prime factors of 1377?
3, 17
What are the prime factors of 37465?
5, 59, 127
List the prime factors of 5397.
3, 7, 257
List the prime factors of 2984.
2, 373
List the prime factors of 866.
2, 433
What are the prime factors of 26481?
3, 7, 13, 97
List the prime factors of 4035.
3, 5, 269
List the prime factors of 1693.
1693
What are the prime factors of 319?
11, 29
List the prime factors of 3607.
3607
What are the prime factors of 7519?
73, 103
What are the prime factors of 131205?
3, 5, 8747
What are the prime factors of 41029?
89, 461
List the prime factors of 93368.
2, 11, 1061
List the prime factors of 92648.
2, 37, 313
List the prime factors of 11037.
3, 13, 283
What are the prime factors of 299?
13, 23
What are the prime factors of 17743?
11, 1613
List the prime factors of 5739.
3, 1913
What are the prime factors of 11504?
2, 719
List the prime factors of 18020.
2, 5, 17, 53
List the prime factors of 6558.
2, 3, 1093
What are the prime factors of 637?
7, 13
What are the prime factors of 5811?
3, 13, 149
List the prime factors of 10362.
2, 3, 11, 157
List the prime factors of 1117.
1117
List the prime factors of 15065.
5, 23, 131
What are the prime factors of 2302?
2, 1151
What are the prime factors of 6079?
6079
What are the prime factors of 7151?
7151
List the prime factors of 40371.
3, 13457
What are the prime factors of 3820?
2, 5, 191
What are the prime factors of 1537?
29, 53
What are the prime factors of 3628?
2, 907
List the prime factors of 1178.
2, 19, 31
List the prime factors of 31284.
2, 3, 11, 79
What are the prime factors of 34505?
5, 67, 103
List the prime factors of 81.
3
What are the prime factors of 78087?
3, 26029
What are the prime factors of 14282?
2, 37, 193
List the prime factors of 4598.
2, 11, 19
What are the prime factors of 1276?
2, 11, 29
What are the prime factors of 4411?
11, 401
What are the prime factors of 2038?
2, 1019
List the prime factors of 845.
5, 13
What are the prime factors of 6577?
6577
What are the prime factors of 50177?
50177
What are the prime factors of 141?
3, 47
List the prime factors of 77921.
67, 1163
List the prime factors of 5387.
5387
List the prime factors of 13880.
2, 5, 347
What are the prime factors of 2211?
3, 11, 67
List the prime factors of 107563.
107563
List the prime factors of 1961.
37, 53
List the prime factors of 71617.
7, 13, 787
List the prime factors of 251.
251
List the prime factors of 75940.
2, 5, 3797
What are the prime factors of 15568?
2, 7, 139
What are the prime factors of 9392?
2, 587
What are the prime factors of 91129?
91129
What are the prime factors of 8027?
23, 349
What are the prime factors of 3131?
31, 101
List the prime factors of 57930.
2, 3, 5, 1931
List the prime factors of 1977.
3, 659
List the prime factors of 2070.
2, 3, 5, 23
What are the prime factors of 1896?
2, 3, 79
List the prime factors of 63119.
7, 71, 127
List the prime factors of 3097.
19, 163
List the prime factors of 5002.
2, 41, 61
What are the prime factors of 17903?
17903
What are the prime factors of 4014?
2, 3, 223
What are the prime factors of 1100?
2, 5, 11
What are the prime factors of 36970?
2, 5, 3697
What are the prime factors of 27578?
2, 13789
List the prime factors of 1572.
2, 3, 131
What are the prime factors of 2358?
2, 3, 131
What are the prime factors of 62126?
2, 31063
List the prime factors of 28855.
5, 29, 199
List the prime factors of 86152.
2, 11, 89
What are the prime factors of 20305?
5, 31, 131
What are the prime factors of 2749?
2749
List the prime factors of 7697.
43, 179
What are the prime factors of 2707?
2707
What are the prime factors of 174?
2, 3, 29
List the prime factors of 45527.
53, 859
List the prime factors of 566.
2, 283
List the prime factors of 65026.
2, 13, 41, 61
What are the prime factors of 25506?
2, 3, 13, 109
What are the prime factors of 11873?
31, 383
List the prime factors of 707.
7, 101
List the prime factors of 184.
2, 23
What are the prime factors of 4076?
2, 1019
What are the prime factors of 14484?
2, 3, 17, 71
What are the prime factors of 2005?
5, 4